g - 588, -2*p + 340 = p + 5*g. What is the units digit of p?
0
Suppose 0 = -86*y + 90*y - 12. Suppose y*h + 2*a = 317, -4*h - 100 = -5*h + 5*a. What is the tens digit of h?
0
Let w = 35 - 16. Suppose 3 = -4*m + w. Suppose m*y = 34 + 50. What is the tens digit of y?
2
What is the tens digit of (-36)/126 + 7942/14?
6
Let j(v) = -v**3 + 2*v**2 - 3*v + 1063. What is the thousands digit of j(0)?
1
Let l = 41 + -26. Suppose 0 = -10*p + 13*p - l. Suppose 2*x = 3*c + 41, 5*c - 47 = -p*x + 18. What is the units digit of x?
6
Suppose -15*p + 10433 + 10522 = 0. What is the tens digit of p?
9
Suppose -5 = -2*b + 3. Let z(y) = y**3 - 3*y**2 - 2*y - 5. What is the units digit of z(b)?
3
Let v = 695 + 727. What is the thousands digit of v?
1
Suppose -3*n + 3*u - 48 = 0, n = -2*n - u - 32. Suppose -5*v + 47 + 33 = 0. Let m = v + n. What is the units digit of m?
4
Suppose 0 = -50*z + 60*z - 9860. What is the hundreds digit of z?
9
Let d(p) = p**2 + 11*p - 8. Let f(y) = -y**2 + 10*y - 5. Let n be f(6). Suppose 0 = 2*w + 5 + n. What is the units digit of d(w)?
4
Let b(l) = -l**3 - 3*l**2 - 2*l + 48. What is the units digit of b(-10)?
8
What is the hundreds digit of -1 - (0 - -9 - 700)?
6
Let f(z) be the third derivative of z**5/60 - z**4/24 + z**3/6 - 32*z**2. Let l be 5/(-2)*(0 - 2). What is the units digit of f(l)?
1
Let u(a) = 5*a**2 - 21*a - 26. Let t(l) = -l**2 + 4*l + 5. Let x(v) = 11*t(v) + 2*u(v). Let j be x(3). Suppose k - 53 = -j*k. What is the tens digit of k?
5
Suppose -1 = -3*r + 2*i - 11, 3*i = -3. Let q(v) = -v**3 - 3*v**2 + 6*v + 6. Let o be q(r). Let g = 15 + o. What is the units digit of g?
3
Suppose -50 = -3*g - 131. Let c = g + 67. What is the units digit of c?
0
Suppose 68*g - 67*g = 2551. What is the thousands digit of g?
2
Let w(r) = -395*r - 26. What is the tens digit of w(-4)?
5
What is the tens digit of 252/(-210) + 9421/5?
8
Let s be -2 + (-12)/(-2) + 1. Suppose -3*v + 21 = -3*c, 8 = s*v + 2*c + 1. What is the units digit of (-128)/(-5) + v/(-5)?
5
Let x = -459 - -877. What is the units digit of x?
8
Let g(z) = z**2 - 13*z + 33. What is the tens digit of g(24)?
9
Suppose 13*r + 4752 = 25*r. What is the hundreds digit of r?
3
Suppose 31*p = 27*p + 116. What is the units digit of p?
9
Let l(s) = 18*s**3. Let y be l(1). Let p(c) = c**2 - 13*c + 14. Let j be p(12). What is the tens digit of (315/y)/(1/j)?
3
What is the units digit of -3 - (-33)/9 - 4228/(-21)?
2
Suppose -g = 3 - 21. Let d = 33 - g. Let t(y) = y**2 - 15*y + 15. What is the units digit of t(d)?
5
Let o = -24 + 35. Let h = 11 - o. What is the tens digit of -1 - h - -3 - -20?
2
Let x = -26 - 44. Suppose 5*b + 5 = 0, 3*t - 31*b = -34*b - 411. Let k = x - t. What is the tens digit of k?
6
Suppose -6*i = -j - i - 4, 2*i = 3*j - 1. Let v be j + (0 - -1 - -20). Suppose 4*p + v = 142. What is the units digit of p?
0
Let b(i) = 360*i - 62. What is the tens digit of b(9)?
7
Suppose -4*l - z + 14 = 0, 2*l = -0*l + 5*z + 18. Suppose -3*u + 72 = -129. Suppose 25 = i + 2*c, -i = -4*i - l*c + u. What is the tens digit of i?
1
Let j = 13 - 15. Let n be (-800)/(-45) - j/9. Suppose -4*h + 20 = 4*g, 0 = -2*g + 5*h + n + 13. What is the units digit of g?
8
Let b(f) = -7*f - 94. Let t be b(-14). Let z(w) = -w - 2. Let h be z(-7). Suppose -213 = -3*a - h*d, a - 75 = -7*d + t*d. What is the tens digit of a?
6
Suppose 0 = -4*w + 6*w. Let u = -2 + w. What is the tens digit of u/(-3) - (-440)/15?
3
Suppose -96 - 41 = -f. What is the hundreds digit of f?
1
Suppose -4*v = 5*y - 386, 3*v - y - 28 = 271. What is the units digit of v?
9
Let o = 32 + -32. Let r be -1*(-4 - -5 - o). What is the units digit of 55/(-22)*(r + -21)?
5
Let g = 1130 - 561. What is the hundreds digit of g?
5
Let k(n) be the second derivative of -n**5/20 + n**4 - 4*n**3/3 + 8*n**2 - n. Let j be k(11). Let a = j - 21. What is the units digit of a?
8
What is the thousands digit of 3/(-21) + 1127880/280?
4
Let o = 8 + -10. What is the units digit of (-10 - o)/(3/(-18))?
8
Let f = -129 - -61. Let g = -37 - f. What is the units digit of g?
1
Suppose -4*o = -4*f - 27 + 3, -4*o = f - 19. Suppose o*q - 528 + 108 = 0. What is the units digit of q?
4
Let y(k) = -11*k**2 - 6*k + 20. Let a be y(4). Let x = 144 - a. What is the tens digit of x?
2
Let v(d) be the third derivative of 1/2*d**4 + 14*d**2 + 1/120*d**6 + 0*d + d**3 + 7/30*d**5 + 0. What is the tens digit of v(-13)?
1
Suppose 276 = -9*t + 2904. What is the tens digit of t?
9
Let p(c) = -c**3 - 14*c**2 + 20*c - 1. Let z = -81 + 65. What is the units digit of p(z)?
1
Let k(x) = 63*x + 218. What is the units digit of k(16)?
6
Let b be ((-22)/(-6))/((-1)/(-3)). Suppose 3*p - 9*p = -24. Suppose -b - p = -3*q. What is the units digit of q?
5
Let k be 4/20 + 6/(-5). Let f = k - -3. Suppose f*x - 125 = -3*x. What is the units digit of x?
5
Let s(w) = w**2 - 4*w - 3. Let r be s(-1). Let b(o) = -o + 22. Let h be b(0). Let g = h + r. What is the units digit of g?
4
Suppose -4 - 5 = 3*v. What is the tens digit of 1/3 + (v - (-1131)/9)?
2
Suppose -2*g - 49 = -553. What is the tens digit of g?
5
What is the units digit of 1*((13 - 2) + 1956)?
7
Suppose -4*l + 3*l + 11 = 4*z, -4*z - 24 = -4*l. Suppose 2*f - l*f = 5*h + 40, -h = -f. Let a(b) = -b + 9. What is the tens digit of a(f)?
1
Suppose -4*k + 118 + 26 = 0. Let g = k + -21. What is the units digit of g/(-6)*(-12)/10?
3
Let g = 5581 - 2961. What is the hundreds digit of g?
6
Suppose -8*k + 7*k = 41. Let u = k - -60. What is the units digit of u?
9
Suppose i = -2*i + 9. Let f(m) = 2*m**2 - 4*m - 18. Let y be f(-6). Suppose -i*a + a = -y. What is the tens digit of a?
3
Let j = 394 + -270. Suppose 12*t - 220 = 7*t. Let l = j - t. What is the units digit of l?
0
Suppose 230 = 3*y - 418. Let f = y - 52. What is the tens digit of f?
6
Let g(w) be the third derivative of -w**4/24 + 7*w**3/6 + 6*w**2. Let t be g(6). What is the units digit of (t/3)/((-9)/(-351))?
3
Let g(a) = 71*a**3 + a**2 - 2*a + 2. Let h be g(1). Suppose h = 3*r - 66. What is the units digit of r?
6
Let x(d) = 5*d**3 - 3*d**2 + d + 6. Let b be x(-3). Let o = 290 + b. What is the tens digit of o?
3
Let k = 22199 + -15766. What is the units digit of k?
3
Suppose -u + 5*m = -44, 2*u - 5*u + 72 = -3*m. Let h = u - 21. Let x(q) = 3*q**2 + q - 1. What is the units digit of x(h)?
9
Suppose 7*j - 8*j + 2 = 0. Suppose j*a + a - 18 = 0. What is the units digit of a?
6
Let o be 497/6 + (-1)/(-6). Let k = 46 - o. Let f = 74 + k. What is the units digit of f?
7
What is the hundreds digit of 0 - (0 - (-5 + 6) - 163)?
1
Suppose d + 3*s = 10, 2*s - 5 = 7*s. Suppose 0 = 4*a - d*a + 963. What is the hundreds digit of a?
1
Let l(f) be the second derivative of f**4/12 + 3*f**3/2 + 3*f**2 - 27*f. What is the tens digit of l(-13)?
5
Let u = 805 - 495. What is the units digit of u?
0
Let c be 0 + (-3 - -3) - 162. Let h = 301 + c. What is the units digit of h?
9
Suppose f - 3*u - 90 = 0, f - 7*u - 87 = -3*u. Suppose -5*v - a + 4*a = -f, 3*a + 36 = 2*v. What is the units digit of v?
1
Let x(o) = o**2 + 7*o - 2. Let s be (-6)/(-4)*(-14)/3. Let b be x(s). What is the tens digit of (b/((-6)/69))/1?
2
What is the hundreds digit of (42/10)/(10/450)?
1
Let o(s) = -26*s - 87. What is the units digit of o(-8)?
1
Let l be 132/(-3)*(0 + -1). Suppose -2*f + 32 + l = 0. What is the tens digit of f?
3
Let b(r) = r**3 + 6*r**2 - 10*r - 12. Suppose -3*f + 11*f + 56 = 0. What is the units digit of b(f)?
9
Let t = 762 - -683. What is the thousands digit of t?
1
Suppose 0*z = 3*z - 2*n - 40, -n + 15 = 2*z. Suppose 65 = 5*h + z. Suppose -56 = -5*r + 3*y - y, 0 = -2*r - 3*y + h. What is the units digit of r?
0
What is the tens digit of 75/6*10368/160?
1
Suppose 4*o + 1 = z, -o = z + o + 11. Let u(r) = 2*r + 5. Let q(a) = 3*a + 11. Let x(i) = 3*q(i) - 5*u(i). What is the tens digit of x(z)?
1
Let d(g) = -g**3 - 9*g**2 + 9*g - 7. Let i be d(-10). Suppose i*l - 5 = 2*l. What is the units digit of l?
5
Suppose y = 2*y + 3. Let d be (y/7)/(6/(-42)). What is the units digit of d + 20 + 0 + 1?
4
Suppose 0 = -6*g + 11*g + 25. Let p = g - -10. Suppose -3*k + p*k = 60. What is the units digit of k?
0
Let z(k) = k + 4. Let o be z(-7). Let d be (-9)/3 - (o + -69). Suppose -4*n = -f - d, n + 2 - 23 = 4*f. What is the units digit of n?
